 in base 13?
9a97
Convert -e617 (base 15) to base 12.
-2417a
16ab63 (base 15) to base 12
450303
-24784251 (base 9) to base 15
-1103257
Convert 110ad6 (base 15) to base 3.
1112021110210
-520188 (base 10) to base 12
-211050
What is -4478 (base 14) in base 2?
-10111001011010
What is 1221112002 (base 4) in base 8?
1512602
What is -100224404 (base 5) in base 2?
-1100001010110001001
What is b99998 (base 15) in base 3?
121122011222022
What is 1037715 (base 8) in base 6?
5545125
What is 137643 (base 8) in base 6?
1015043
Convert 11002200021 (base 3) to base 5.
10040213
What is 22234005 (base 6) in base 9?
1235765
What is -108206 (base 11) in base 10?
-171947
What is -33523a (base 12) in base 13?
-228244
What is 1b5437 (base 12) in base 15?
990c7
What is -4490c4 (base 13) in base 3?
-10001021022220
What is 44a1c (base 16) in base 2?
1000100101000011100
What is 547035 (base 8) in base 7?
1363653
Convert -101001111100001101011 (base 2) to base 9.
-2524176
What is -344012422 (base 6) in base 4?
-120031211132
-102211111120 (base 3) to base 13
-82029
What is -40a064 (base 13) in base 5?
-341212344
-1100200100122 (base 3) to base 2
-10110000010000110010
Convert -10000101011110110011 (base 2) to base 13.
-161b1b
Convert 216a203 (base 11) to base 7.
44226653
-31c8b4 (base 16) to base 15
-446a99
What is -1000110100010000101 (base 2) in base 3?
-112200022001
45142433 (base 7) to base 14
73ab8a
What is 1045554 (base 7) in base 12?
62970
-10322120020 (base 4) to base 12
-521234
Convert 1213014 (base 6) to base 8.
175242
5c7a4 (base 13) to base 10
170486
2a6e3c (base 15) to base 8
7640711
-20404121 (base 5) to base 14
-4599c
What is 2150533 (base 6) in base 7?
626124
Convert -110011303 (base 5) to base 11.
-2a088a
Convert -2974a9 (base 14) to base 15.
-1d71c3
What is -2160521 (base 11) in base 14?
-70a235
What is -1101112111011 (base 3) in base 11?
-465106
Convert -67ac (base 14) to base 8.
-43104
Convert -289b38 (base 15) to base 13.
-5367aa
What is -38a650 (base 14) in base 2?
-111011011111100101110
Convert -251424 (base 10) to base 13.
-8a594
-1104201444 (base 5) to base 14
-46b3d3
What is 401a5 (base 12) in base 9?
136128
Convert -3146304 (base 10) to base 5.
-1301140204
-144995d (base 15) to base 7
-235430413
1688 (base 15) to base 11
3712
-11448a (base 15) to base 7
-10002610
-122112000200211 (base 3) to base 16
-8e1167
2021020231 (base 4) to base 10
561709
4217743 (base 12) to base 15
1166696
5572857 (base 10) to base 13
1201764
What is -26633 (base 15) in base 16?
-1e012
What is 1b05ad (base 14) in base 8?
3525775
What is -10111001010100011111 (base 2) in base 5?
-143242241
-123403 (base 8) to base 6
-525535
What is -266602 (base 7) in base 5?
-3102444
What is -2021212020222 (base 3) in base 14?
-239a4a
15845a (base 12) to base 4
1121212012
What is -151425 (base 6) in base 16?
-3929
What is -202247 (base 14) in base 15?
-165711
-252297 (base 15) to base 12
-719781
22021103011 (base 4) to base 5
1140101100
30032031120 (base 4) to base 15
4344a3
-5258067 (base 9) to base 11
-1652223
149790 (base 10) to base 9
247423
31729 (base 14) to base 13
42469
What is 1b03d8 (base 14) in base 16?
eaa9a
What is -111001111100001011 (base 2) in base 11?
-152339
Convert -2013342341 (base 5) to base 7.
-46240355
Convert 20101211 (base 5) to base 9.
262774
-72309 (base 10) to base 5
-4303214
What is 573585 (base 10) in base 7?
4606155
100110010001010001 (base 2) to base 5
20004003
What is -113111320 (base 5) in base 7?
-4262553
Convert -1010110011101000 (base 2) to base 9.
-66642
10234340 (base 6) to base 8
1112524
Convert c1782 (base 13) to base 3.
122120220220
What is 1a2369 (base 12) in base 10?
460161
Convert -1605343 (base 8) to base 10.
-461539
What is 111111110100110100 (base 2) in base 13?
91cbb
Convert 440110030 (base 6) to base 7.
123462264
What is 7170a1 (base 14) in base 5?
1434310113
36013 (base 16) to base 5
24034303
Convert a2093a (base 12) to base 7.
30341254
-48097 (base 11) to base 4
-100323012
-344212 (base 8) to base 2
-11100100010001010
Convert 4ee545 (base 15) to base 12.
1330002
Convert 11010011011 (base 3) to base 10.
81031
What is -5030315 (base 6) in base 14?
-62691
What is -10000001011000111110 (base 2) in base 6?
-15205342
What is 7d94 (base 16) in base 2?
111110110010100
What is 1132302202 (base 4) in base 15?
7a08d
What is -d2053 (base 14) in base 12?
-204289
What is -18b3d9 (base 14) in base 6?
-30440031
Convert 105321431 (base 6) to base 7.
22324426
What is -1126201 (base 7) in base 12?
-69a07
What is 65362 (base 8) in base 10?
27378
-1471731 (base 12) to base 6
-224300501
Convert -236062645 (base 7) to base 11.
-8345572
Convert -10001111010111000 (base 2) to base 16.
-11eb8
What is -4191a (base 11) in base 7?
-342600
Convert 121112112020201 (base 3) to base 9.
17475221
What is -2202322001 (base 4) in base 7?
-5446244
What is -ec913 (base 16) in base 2?
-11101100100100010011
What is -16a07a (base 11) in base 13?
-92506
Convert -120323011112 (base 4) to base 11.
-3762761
Convert -106678 (base 11) to base 12.
-82360
-565035 (base 9) to base 14
-8b3d6
50030 (base 10) to base 16
c36e
Convert -24534046 (base 7) to base 6.
-115212554
Convert 12a71 (base 11) to base 4.
10202133
What is be395 (base 15) in base 7?
5066450
What is -1b57219 (base 12) in base 14?
-abddd3
-23a2124 (base 11) to base 15
-5772b4
Convert -112203012131 (base 4) to base 13.
-12bc5ca
-120004244 (base 5) to base 2
-10000101101001111001
What is -24da (base 15) in base 11?
-59a1
32040345 (base 7) to base 14
509995
What is 3144047 (base 8) in base 7?
10056122
What is -232231313 (base 5) in base 14?
-1d67a0
What is -514142 (base 7) in base 8?
-253517
What is 1100100110001000001 (base 2) in base 10?
412737
What is 30111311 (base 4) in base 16?
c575
Convert 117a7 (base 12) to base 8.
56057
What is 1011020033 (base 4) in base 10?
283151
-e3307 (base 15) to base 16
-afac5
Convert -41d7c (base 15) to base 10.
-208917
Convert -1313401401 (base 5) to base 12.
-111419a
Convert 10300202202 (base 5) to base 16.
a6fe34
110064 (base 14) to base 4
2030231020
What is 213202214 (base 5) in base 14?
19a929
Convert -777120 (base 8) to base 15.
-52827
What is -110121212000 (base 3) in base 4?
-330222201
Convert 354244 (base 7) to base 8.
174670
Convert -21440214 (base 5) to base 11.
-1184a0
Convert -121210200012201 (base 3) to base 7.
-135621016
Convert -12bdb (base 16) to base 5.
-4424023
Convert -400409 (base 10) to base 12.
-173875
Convert 494aa7 (base 12) to base 2.
100100010101000011111
-483365 (base 9) to base 3
-112210102012
What is 1368135 (base 9) in base 4?
2320003223
96907 (base 15) to base 5
110243112
212504 (base 7) to base 10
36950
Convert -10adba (base 16) to base 6.
-35232230
What is -37a8a0 (base 12) in base 7?
-10510434
Convert -2113718 (base 12) to base 10.
-6247748
Convert -31021222002 (base 4) to base 14.
-65a4ca
63b40 (base 15) to base 12
133136
Convert 59239 (base 11) to base 12.
41564
Convert -60630345 (base 7) to base 4.
-103100302023
-943322 (base 13) to base 10
-3463007
What is -22102314 (base 5) in base 15?
-3b8a9
4211312 (base 8) to base 11
6a4732
What is 100221002222 (base 3) in base 16?
2fb7c
Convert 401033021 (base 6) to base 11.
3904175
What is -46a077 (base 11) in base 13?
-2013bb
Convert -18114bc (base 13) to base 7.
-123354215
-14610545 (base 8) to base 10
-3346789
989496 (base 11) to base 15
212d70
Convert c06b08 (base 16) to base 15.
11915c7
Convert 1307371 (base 10) to base 8.
4771353
10111110101111101011100 (base 2) to base 12
2115110
-10111101010000100 (base 2) to base 6
-2024340
104112302 (base 5) to base 6
13444402
Convert -32303 (base 6) to base 11.
-3369
Convert 1166225 (base 7) to base 4.
210313331
Convert 351029 (base 10) to base 11.
21a808
-9361a2 (base 12) to base 3
-11100110220212
21545301 (base 8) to base 7
54302010
1174418 (base 12) to base 10
3387476
Convert 3523560 (base 7) to base 10.
443100
Convert 3322102 (base 5) to base 12.
29529
1764263 (base 8) to base 2
1111110100010110011
Convert 337054 (base 8) to base 16.
1be2c
Convert 4a762b (base 13) to base 11.
1010839
What is -111022212021121 (base 3) in base 2?
-11011000001010010100001
8017654 (base 10) to base 2
11110100101011011110110
Convert -1011101111101100011000 (base 2) to base 3.
-12210102